{"id":302,"date":"2024-04-03T22:23:28","date_gmt":"2024-04-03T20:23:28","guid":{"rendered":"https:\/\/lisefalc.com\/?page_id=302"},"modified":"2026-01-12T10:01:13","modified_gmt":"2026-01-12T09:01:13","slug":"coach-de-vie-coach-developpement-personnel","status":"publish","type":"page","link":"https:\/\/lisefalc.com\/index.php\/coach-de-vie-coach-developpement-personnel\/","title":{"rendered":"Coaching individuel Particulier"},"content":{"rendered":"\t\t<div data-elementor-type=\"wp-page\" data-elementor-id=\"302\" class=\"elementor elementor-302\">\n\t\t\t\t<div class=\"elementor-element elementor-element-eb420e4 e-con-full e-flex e-con e-parent\" data-id=\"eb420e4\" data-element_type=\"container\" data-e-type=\"container\" data-settings=\"{&quot;background_background&quot;:&quot;classic&quot;}\">\n\t\t\t\t<div class=\"elementor-element elementor-element-2ef8757 elementor-widget elementor-widget-spacer\" data-id=\"2ef8757\" data-element_type=\"widget\" data-e-type=\"widget\" data-widget_type=\"spacer.default\">\n\t\t\t\t<div class=\"elementor-widget-container\">\n\t\t\t\t\t\t\t<div class=\"elementor-spacer\">\n\t\t\t<div class=\"elementor-spacer-inner\"><\/div>\n\t\t<\/div>\n\t\t\t\t\t\t<\/div>\n\t\t\t\t<\/div>\n\t\t\t\t<div class=\"elementor-element elementor-element-cd855d0 elementor-widget elementor-widget-heading\" data-id=\"cd855d0\" data-element_type=\"widget\" data-e-type=\"widget\" data-widget_type=\"heading.default\">\n\t\t\t\t<div class=\"elementor-widget-container\">\n\t\t\t\t\t<h1 class=\"elementor-heading-title elementor-size-default\">Coaching Individuel <br>-Particuliers-<\/h1>\t\t\t\t<\/div>\n\t\t\t\t<\/div>\n\t\t\t\t<div class=\"elementor-element elementor-element-458df35 elementor-widget elementor-widget-spacer\" data-id=\"458df35\" data-element_type=\"widget\" data-e-type=\"widget\" data-widget_type=\"spacer.default\">\n\t\t\t\t<div class=\"elementor-widget-container\">\n\t\t\t\t\t\t\t<div class=\"elementor-spacer\">\n\t\t\t<div class=\"elementor-spacer-inner\"><\/div>\n\t\t<\/div>\n\t\t\t\t\t\t<\/div>\n\t\t\t\t<\/div>\n\t\t\t\t<\/div>\n\t\t<div class=\"elementor-element elementor-element-44e2168 e-con-full e-flex e-con e-parent\" data-id=\"44e2168\" data-element_type=\"container\" data-e-type=\"container\" data-settings=\"{&quot;background_background&quot;:&quot;classic&quot;}\">\n\t\t\t\t<div class=\"elementor-element elementor-element-b5be7c4 elementor-widget elementor-widget-text-editor\" data-id=\"b5be7c4\" data-element_type=\"widget\" data-e-type=\"widget\" data-widget_type=\"text-editor.default\">\n\t\t\t\t<div class=\"elementor-widget-container\">\n\t\t\t\t\t\t\t\t\t<p><strong data-start=\"212\" data-end=\"303\">Retrouvez \u00e9quilibre, motivation et clart\u00e9 dans votre vie professionnelle et personnelle<\/strong><\/p>\t\t\t\t\t\t\t\t<\/div>\n\t\t\t\t<\/div>\n\t\t\t\t<div class=\"elementor-element elementor-element-2fd544e elementor-widget elementor-widget-text-editor\" data-id=\"2fd544e\" data-element_type=\"widget\" data-e-type=\"widget\" data-widget_type=\"text-editor.default\">\n\t\t\t\t<div class=\"elementor-widget-container\">\n\t\t\t\t\t\t\t\t\t<p><strong data-start=\"311\" data-end=\"325\"><u>Pour qui ?\u00a0<\/u><\/strong><b><u><i>Cet accompagnement s\u2019adresse aux :<\/i><\/u><\/b><\/p><p><span style=\"background-color: transparent;\"><b>Femmes et hommes<\/b>, en qu\u00eate de sens dans leur travail ou leur vie personnelle.<\/span><\/p><p><span style=\"background-color: transparent;\">Salari\u00e9s ou ind\u00e9pendants confront\u00e9s \u00e0 la<b> surcharge mentale, au stress, \u00e0 la fatigue \u00e9motionnelle ou \u00e0 une perte de motivation.<\/b><\/span><\/p><p><span style=\"background-color: transparent;\">Personnes traversant une<b> transition professionnelle<\/b>, <b>une reprise apr\u00e8s un arr\u00eat,un burn-in, burn out&#8230;<\/b><\/span><\/p><p><span style=\"background-color: transparent;\"><b>\u00a0<\/b><\/span><i><u><\/u><\/i><\/p>\t\t\t\t\t\t\t\t<\/div>\n\t\t\t\t<\/div>\n\t\t\t\t<div class=\"elementor-element elementor-element-e4f3058 elementor-widget elementor-widget-text-editor\" data-id=\"e4f3058\" data-element_type=\"widget\" data-e-type=\"widget\" data-widget_type=\"text-editor.default\">\n\t\t\t\t<div class=\"elementor-widget-container\">\n\t\t\t\t\t\t\t\t\t<p>\u00a0<span style=\"background-color: transparent;\"><b>\u00a0<\/b><\/span><span style=\"font-weight: bolder;\" data-start=\"704\" data-end=\"730\"><i><u>Ce que je vous propose<\/u><\/i><\/span><\/p><p><span style=\"background-color: transparent; font-size: 18px; font-family: Lora, sans-serif; color: #333333;\">Un\u00a0<\/span><span style=\"font-weight: bolder; background-color: transparent; font-size: 18px; font-family: Lora, sans-serif; color: #333333;\" data-start=\"738\" data-end=\"796\">accompagnement individuel bienveillant et confidentiel<\/span><span style=\"background-color: transparent; font-size: 18px; font-family: Lora, sans-serif; color: #333333;\">, adapt\u00e9 \u00e0 votre rythme.<\/span><\/p><p><span style=\"background-color: transparent; font-size: 18px; font-family: Lora, sans-serif; color: #333333;\">Des\u00a0<\/span><span style=\"font-weight: bolder; background-color: transparent; font-size: 18px; font-family: Lora, sans-serif; color: #333333;\" data-start=\"829\" data-end=\"864\">outils concrets de coaching PNL<\/span><span style=\"background-color: transparent; font-size: 18px; font-family: Lora, sans-serif; color: #333333;\">\u00a0pour g\u00e9rer \u00e9motions, stress et charge mentale.<\/span><\/p><p><span style=\"background-color: transparent; font-size: 18px; font-family: Lora, sans-serif; color: #333333;\">Une\u00a0<\/span><span style=\"font-weight: bolder; background-color: transparent; font-size: 18px; font-family: Lora, sans-serif; color: #333333;\" data-start=\"1016\" data-end=\"1058\">approche humaine et spirituelle l\u00e9g\u00e8re<\/span><span style=\"background-color: transparent; font-size: 18px; font-family: Lora, sans-serif; color: #333333;\">, respectueuse de vos besoins.<\/span><\/p><p><span style=\"background-color: transparent; font-size: 18px; font-family: Lora, sans-serif; color: #333333;\">Un\u00a0<\/span><span style=\"font-weight: bolder; background-color: transparent; font-size: 18px; font-family: Lora, sans-serif; color: #333333;\" data-start=\"1096\" data-end=\"1115\">espace s\u00e9curis\u00e9<\/span><span style=\"background-color: transparent; font-size: 18px; font-family: Lora, sans-serif; color: #333333;\">\u00a0pour parler librement et retrouver confiance en vos capacit\u00e9s.<\/span><\/p>\t\t\t\t\t\t\t\t<\/div>\n\t\t\t\t<\/div>\n\t\t\t\t<\/div>\n\t\t<div class=\"elementor-element elementor-element-f439b53 e-flex e-con-boxed e-con e-parent\" data-id=\"f439b53\" data-element_type=\"container\" data-e-type=\"container\" data-settings=\"{&quot;background_background&quot;:&quot;classic&quot;}\">\n\t\t\t\t\t<div class=\"e-con-inner\">\n\t\t\t\t<div class=\"elementor-element elementor-element-487a524 elementor-widget elementor-widget-text-editor\" data-id=\"487a524\" data-element_type=\"widget\" data-e-type=\"widget\" data-widget_type=\"text-editor.default\">\n\t\t\t\t<div class=\"elementor-widget-container\">\n\t\t\t\t\t\t\t\t\t<p><strong data-start=\"1191\" data-end=\"1211\">\u00a0<\/strong><\/p><p><strong data-start=\"1191\" data-end=\"1211\"><u>Formats propos\u00e9s<\/u><\/strong><\/p><p><strong style=\"background-color: transparent;\" data-start=\"1216\" data-end=\"1241\">S\u00e9ances individuelles<\/strong><span style=\"background-color: transparent;\"> : 1h \u00e0 1h30, en pr\u00e9sentiel ou en Visio.<\/span><\/p><p><strong style=\"background-color: transparent;\" data-start=\"1286\" data-end=\"1307\">Forfait 6 s\u00e9ances<\/strong><span style=\"background-color: transparent;\"> : id\u00e9al pour un accompagnement complet sur 6 \u00e0 8 semaines.<\/span><\/p><p><strong style=\"background-color: transparent;\" data-start=\"1371\" data-end=\"1394\">Forfaits sur mesure<\/strong><span style=\"background-color: transparent;\"> : adapt\u00e9s \u00e0 vos besoins sp\u00e9cifiques ou \u00e0 une reconversion professionnelle.<\/span><\/p><p data-start=\"1478\" data-end=\"1494\"><span data-start=\"1482\" data-end=\"1492\">\u00a0<\/span><\/p><p data-start=\"1478\" data-end=\"1494\"><span data-start=\"1482\" data-end=\"1492\"><b><u>Tarifs<\/u><\/b><\/span><\/p><p data-start=\"1478\" data-end=\"1494\"><b>S\u00e9ance individuelle <\/b>(1h) :\u00a0<span data-start=\"1524\" data-end=\"1532\">80 \u20ac\u00a0<\/span><\/p><p data-start=\"1478\" data-end=\"1494\"><b>Forfait 6 s\u00e9ances <\/b>(1h) :\u00a0<span data-start=\"1562\" data-end=\"1571\">450 \u20ac<\/span><\/p><p data-start=\"1478\" data-end=\"1494\"><b>Forfaits personnalis\u00e9s<\/b> :\u00a0<span data-start=\"1601\" data-end=\"1614\">sur devis<\/span>\u00a0selon besoins et dur\u00e9e professionnelle.*<\/p><p data-start=\"1478\" data-end=\"1494\">\u00a0<\/p>\t\t\t\t\t\t\t\t<\/div>\n\t\t\t\t<\/div>\n\t\t\t\t\t<\/div>\n\t\t\t\t<\/div>\n\t\t\t\t<\/div>\n\t\t","protected":false},"excerpt":{"rendered":"<p>Coaching Individuel -Particuliers- Retrouvez \u00e9quilibre, motivation et clart\u00e9 dans votre vie professionnelle et personnelle Pour qui ?\u00a0Cet accompagnement s\u2019adresse aux : Femmes et hommes, en qu\u00eate de sens dans leur travail ou leur vie personnelle. Salari\u00e9s ou ind\u00e9pendants confront\u00e9s \u00e0 la surcharge mentale, au stress, \u00e0 la fatigue \u00e9motionnelle ou \u00e0 une perte de motivation. [&hellip;]<\/p>\n","protected":false},"author":1,"featured_media":0,"parent":0,"menu_order":0,"comment_status":"closed","ping_status":"closed","template":"","meta":{"om_disable_all_campaigns":false,"_monsterinsights_skip_tracking":false,"_monsterinsights_sitenote_active":false,"_monsterinsights_sitenote_note":"","_monsterinsights_sitenote_category":0,"_uf_show_specific_survey":0,"_uf_disable_surveys":false,"footnotes":""},"class_list":["post-302","page","type-page","status-publish","hentry"],"aioseo_notices":[],"_links":{"self":[{"href":"https:\/\/lisefalc.com\/index.php\/wp-json\/wp\/v2\/pages\/302","targetHints":{"allow":["GET"]}}],"collection":[{"href":"https:\/\/lisefalc.com\/index.php\/wp-json\/wp\/v2\/pages"}],"about":[{"href":"https:\/\/lisefalc.com\/index.php\/wp-json\/wp\/v2\/types\/page"}],"author":[{"embeddable":true,"href":"https:\/\/lisefalc.com\/index.php\/wp-json\/wp\/v2\/users\/1"}],"replies":[{"embeddable":true,"href":"https:\/\/lisefalc.com\/index.php\/wp-json\/wp\/v2\/comments?post=302"}],"version-history":[{"count":204,"href":"https:\/\/lisefalc.com\/index.php\/wp-json\/wp\/v2\/pages\/302\/revisions"}],"predecessor-version":[{"id":2974,"href":"https:\/\/lisefalc.com\/index.php\/wp-json\/wp\/v2\/pages\/302\/revisions\/2974"}],"wp:attachment":[{"href":"https:\/\/lisefalc.com\/index.php\/wp-json\/wp\/v2\/media?parent=302"}],"curies":[{"name":"wp","href":"https:\/\/api.w.org\/{rel}","templated":true}]}}