{"id":2873,"date":"2026-01-09T18:51:19","date_gmt":"2026-01-09T17:51:19","guid":{"rendered":"https:\/\/lisefalc.com\/?page_id=2873"},"modified":"2026-01-12T12:38:38","modified_gmt":"2026-01-12T11:38:38","slug":"coaching-terrain","status":"publish","type":"page","link":"https:\/\/lisefalc.com\/index.php\/coaching-terrain\/","title":{"rendered":"Coaching terrain"},"content":{"rendered":"\t\t<div data-elementor-type=\"wp-page\" data-elementor-id=\"2873\" class=\"elementor elementor-2873\">\n\t\t\t\t<div class=\"elementor-element elementor-element-eb420e4 e-con-full e-flex e-con e-parent\" data-id=\"eb420e4\" data-element_type=\"container\" data-e-type=\"container\" data-settings=\"{&quot;background_background&quot;:&quot;classic&quot;}\">\n\t\t\t\t<div class=\"elementor-element elementor-element-7768c2b elementor-widget elementor-widget-spacer\" data-id=\"7768c2b\" data-element_type=\"widget\" data-e-type=\"widget\" data-widget_type=\"spacer.default\">\n\t\t\t\t<div class=\"elementor-widget-container\">\n\t\t\t\t\t\t\t<div class=\"elementor-spacer\">\n\t\t\t<div class=\"elementor-spacer-inner\"><\/div>\n\t\t<\/div>\n\t\t\t\t\t\t<\/div>\n\t\t\t\t<\/div>\n\t\t\t\t<div class=\"elementor-element elementor-element-cd855d0 elementor-widget elementor-widget-heading\" data-id=\"cd855d0\" data-element_type=\"widget\" data-e-type=\"widget\" data-widget_type=\"heading.default\">\n\t\t\t\t<div class=\"elementor-widget-container\">\n\t\t\t\t\t<h1 class=\"elementor-heading-title elementor-size-default\">Coaching terrain<\/h1>\t\t\t\t<\/div>\n\t\t\t\t<\/div>\n\t\t\t\t<div class=\"elementor-element elementor-element-78c02a1 elementor-widget elementor-widget-text-editor\" data-id=\"78c02a1\" data-element_type=\"widget\" data-e-type=\"widget\" data-widget_type=\"text-editor.default\">\n\t\t\t\t<div class=\"elementor-widget-container\">\n\t\t\t\t\t\t\t\t\t<p><strong>Je vous accompagne l\u00e0 o\u00f9 \u00e7a se joue vraiment<\/strong><\/p>\t\t\t\t\t\t\t\t<\/div>\n\t\t\t\t<\/div>\n\t\t\t\t<div class=\"elementor-element elementor-element-479e177 elementor-widget elementor-widget-text-editor\" data-id=\"479e177\" data-element_type=\"widget\" data-e-type=\"widget\" data-widget_type=\"text-editor.default\">\n\t\t\t\t<div class=\"elementor-widget-container\">\n\t\t\t\t\t\t\t\t\t<p data-start=\"341\" data-end=\"579\">Il y a des situations o\u00f9 <strong data-start=\"366\" data-end=\"395\">la th\u00e9orie ne suffit plus<\/strong>.<br data-start=\"396\" data-end=\"399\" \/>On peut avoir compris, r\u00e9fl\u00e9chi, pr\u00e9par\u00e9\u2026 et pourtant, au moment cl\u00e9, tout se crispe : les mots ne sortent pas, l\u2019\u00e9motion prend le dessus, la peur du conflit ou du jugement bloque.<\/p><p data-start=\"581\" data-end=\"766\">Le <strong data-start=\"584\" data-end=\"604\">coaching terrain<\/strong> est un accompagnement individuel pens\u00e9 pour ces moments pr\u00e9cis, concrets, r\u00e9els l\u00e0 o\u00f9 tout se joue <strong data-start=\"706\" data-end=\"724\">dans l\u2019instant<\/strong>, dans la relation, dans la communication.<\/p><p data-start=\"768\" data-end=\"854\">Je vous accompagne <strong data-start=\"790\" data-end=\"817\">avant, pendant et apr\u00e8s<\/strong> une situation v\u00e9cue comme difficile.<\/p><p data-start=\"768\" data-end=\"854\">\u00a0<\/p><h3 data-start=\"861\" data-end=\"912\"><span style=\"text-decoration: underline;\">Un accompagnement au plus pr\u00e8s de votre r\u00e9alit\u00e9<\/span><\/h3><p data-start=\"914\" data-end=\"1018\">Le coaching terrain concerne des situations du quotidien, personnelles ou professionnelles, telles que :<\/p><ul data-start=\"1019\" data-end=\"1332\"><li data-start=\"1019\" data-end=\"1054\"><p data-start=\"1021\" data-end=\"1054\">une <strong data-start=\"1025\" data-end=\"1054\">prise de parole difficile<\/strong><\/p><\/li><li data-start=\"1055\" data-end=\"1124\"><p data-start=\"1057\" data-end=\"1124\">un <strong data-start=\"1060\" data-end=\"1081\">entretien d\u00e9licat<\/strong> (professionnel, institutionnel, personnel)<\/p><\/li><li data-start=\"1125\" data-end=\"1162\"><p data-start=\"1127\" data-end=\"1162\">un <strong data-start=\"1130\" data-end=\"1153\">\u00e9change conflictuel<\/strong> ou tendu<\/p><\/li><li data-start=\"1163\" data-end=\"1251\"><p data-start=\"1165\" data-end=\"1251\">un <strong data-start=\"1168\" data-end=\"1197\">rendez-vous professionnel<\/strong> o\u00f9 il est n\u00e9cessaire de poser un cadre ou de dire non<\/p><\/li><li data-start=\"1252\" data-end=\"1332\"><p data-start=\"1254\" data-end=\"1332\">une situation relationnelle bloquante au travail ou dans la sph\u00e8re personnelle<\/p><\/li><\/ul><p data-start=\"1334\" data-end=\"1519\">Ici, il ne s\u2019agit pas de s\u2019entra\u00eener de fa\u00e7on abstraite, mais de <strong data-start=\"1399\" data-end=\"1440\">travailler sur votre situation r\u00e9elle<\/strong>, avec ce que vous \u00eates, ce que vous ressentez, et ce qui est en jeu pour vous.<\/p><p data-start=\"1334\" data-end=\"1519\">\u00a0<\/p><h3 data-start=\"1526\" data-end=\"1562\"><span style=\"text-decoration: underline;\">Un accompagnement en trois temps<\/span><\/h3><p data-start=\"1564\" data-end=\"1632\">Le coaching terrain se d\u00e9roule en <strong data-start=\"1598\" data-end=\"1630\">trois \u00e9tapes compl\u00e9mentaires<\/strong> :<\/p><p data-start=\"1634\" data-end=\"1908\"><strong data-start=\"1634\" data-end=\"1669\">\ud83d\udd39 1. Une s\u00e9ance de pr\u00e9paration<\/strong><br data-start=\"1669\" data-end=\"1672\" \/>Nous clarifions la situation, les enjeux, vos besoins, vos limites et vos objectifs.<br data-start=\"1756\" data-end=\"1759\" \/>Nous travaillons votre posture, vos mots, votre positionnement, afin que vous puissiez vous sentir plus clair(e), plus align\u00e9(e) et plus s\u00e9curis\u00e9(e).<\/p><p data-start=\"1910\" data-end=\"2163\"><strong data-start=\"1910\" data-end=\"1942\">\ud83d\udd39 2. La s\u00e9ance en situation<\/strong><br data-start=\"1942\" data-end=\"1945\" \/>Je vous accompagne <strong data-start=\"1964\" data-end=\"2002\">en pr\u00e9sence de la situation r\u00e9elle<\/strong> (rendez-vous, \u00e9change, prise de parole\u2026).<br data-start=\"2044\" data-end=\"2047\" \/>Ma pr\u00e9sence est discr\u00e8te, respectueuse et contenante. Elle vise \u00e0 vous soutenir l\u00e0 o\u00f9 la pression est la plus forte.<\/p><p data-start=\"2165\" data-end=\"2363\"><strong data-start=\"2165\" data-end=\"2194\">\ud83d\udd39 3. Un temps de d\u00e9brief<\/strong><br data-start=\"2194\" data-end=\"2197\" \/>Apr\u00e8s coup, nous prenons le temps d\u2019analyser ce qui s\u2019est jou\u00e9, d\u2019int\u00e9grer l\u2019exp\u00e9rience, de renforcer vos appuis et d\u2019en tirer des ressources concr\u00e8tes pour la suite<\/p><p data-start=\"2165\" data-end=\"2363\">\u00a0<\/p><h3 data-start=\"2370\" data-end=\"2417\"><span style=\"text-decoration: underline;\">Un cadre \u00e9thique, s\u00e9curisant et respectueux<\/span><\/h3><p data-start=\"2419\" data-end=\"2466\">Le coaching terrain repose sur un cadre clair :<\/p><ul data-start=\"2467\" data-end=\"2682\"><li data-start=\"2467\" data-end=\"2505\"><p data-start=\"2469\" data-end=\"2505\">accompagnement <strong data-start=\"2484\" data-end=\"2505\">non th\u00e9rapeutique<\/strong><\/p><\/li><li data-start=\"2506\" data-end=\"2569\"><p data-start=\"2508\" data-end=\"2569\">respect de votre rythme, de vos limites et de votre autonomie<\/p><\/li><li data-start=\"2570\" data-end=\"2604\"><p data-start=\"2572\" data-end=\"2604\">confidentialit\u00e9 et bienveillance<\/p><\/li><li data-start=\"2605\" data-end=\"2682\"><p data-start=\"2607\" data-end=\"2682\">vous restez pleinement <strong data-start=\"2630\" data-end=\"2651\">acteur ou actrice<\/strong> de vos choix et de vos paroles<\/p><\/li><\/ul><p data-start=\"2684\" data-end=\"2862\">Je ne parle pas \u00e0 votre place.<br data-start=\"2714\" data-end=\"2717\" \/>Je ne vous impose pas une posture.<br data-start=\"2751\" data-end=\"2754\" \/>Je vous accompagne pour que <strong data-start=\"2782\" data-end=\"2825\">vous puissiez \u00eatre pleinement vous-m\u00eame<\/strong>, m\u00eame dans les situations complexes.<\/p><p data-start=\"2684\" data-end=\"2862\">\u00a0<\/p><h3 data-start=\"2869\" data-end=\"2883\"><span style=\"text-decoration: underline;\"><strong>Pour qui ?<\/strong><\/span><\/h3><p data-start=\"2885\" data-end=\"2927\">Cet accompagnement est fait pour vous si :<\/p><ul data-start=\"2928\" data-end=\"3192\"><li data-start=\"2928\" data-end=\"2997\"><p data-start=\"2930\" data-end=\"2997\">vous vivez une situation relationnelle ou professionnelle difficile<\/p><\/li><li data-start=\"2998\" data-end=\"3073\"><p data-start=\"3000\" data-end=\"3073\">vous avez besoin de soutien <strong data-start=\"3028\" data-end=\"3044\">dans le r\u00e9el<\/strong>, pas uniquement en r\u00e9flexion<\/p><\/li><li data-start=\"3074\" data-end=\"3136\"><p data-start=\"3076\" data-end=\"3136\">vous souhaitez gagner en clart\u00e9, en assurance et en justesse<\/p><\/li><li data-start=\"3137\" data-end=\"3192\"><p data-start=\"3139\" data-end=\"3192\">vous voulez \u00eatre accompagn\u00e9(e) l\u00e0 o\u00f9 l\u2019enjeu est fort<\/p><\/li><\/ul>\t\t\t\t\t\t\t\t<\/div>\n\t\t\t\t<\/div>\n\t\t\t\t<\/div>\n\t\t<div class=\"elementor-element elementor-element-44e2168 e-con-full e-flex e-con e-parent\" data-id=\"44e2168\" data-element_type=\"container\" data-e-type=\"container\" data-settings=\"{&quot;background_background&quot;:&quot;classic&quot;}\">\n\t\t\t\t<div class=\"elementor-element elementor-element-ba080f2 elementor-widget elementor-widget-text-editor\" data-id=\"ba080f2\" data-element_type=\"widget\" data-e-type=\"widget\" data-widget_type=\"text-editor.default\">\n\t\t\t\t<div class=\"elementor-widget-container\">\n\t\t\t\t\t\t\t\t\t<p data-start=\"309\" data-end=\"339\"><strong>Format :<\/strong><\/p><p data-start=\"309\" data-end=\"339\"><span style=\"background-color: transparent;\">un <\/span><strong style=\"background-color: transparent;\" data-start=\"345\" data-end=\"369\">temps de pr\u00e9paration<\/strong><span style=\"background-color: transparent;\"> pour clarifier la situation, les enjeux et votre posture<\/span><\/p><p data-start=\"309\" data-end=\"339\"><span style=\"background-color: transparent;\">un <\/span><strong style=\"background-color: transparent;\" data-start=\"434\" data-end=\"480\">temps d\u2019accompagnement en situation r\u00e9elle<\/strong><\/p><p data-start=\"309\" data-end=\"339\"><span style=\"background-color: transparent;\">un <\/span><strong style=\"background-color: transparent;\" data-start=\"488\" data-end=\"508\">temps de d\u00e9brief<\/strong><span style=\"background-color: transparent;\">, pour int\u00e9grer ce qui s\u2019est jou\u00e9 et en tirer des ressources concr\u00e8tes<\/span><em style=\"background-color: transparent;\" data-start=\"581\" data-end=\"667\">(le d\u00e9brief peut \u00eatre inclus le jour m\u00eame ou r\u00e9alis\u00e9 s\u00e9par\u00e9ment, selon la situation)<\/em><\/p><p data-start=\"1003\" data-end=\"1081\">\u00a0<\/p><p data-start=\"669\" data-end=\"720\"><strong data-start=\"669\" data-end=\"682\">Dur\u00e9e :<\/strong> 2 \u00e0 3 heures<br data-start=\"695\" data-end=\"698\" \/><strong data-start=\"698\" data-end=\"712\">Tarif :<\/strong> 190 \u20ac<\/p><p data-start=\"722\" data-end=\"877\">Des <strong data-start=\"726\" data-end=\"751\">frais suppl\u00e9mentaires<\/strong> peuvent s\u2019appliquer en fonction du lieu d\u2019intervention (d\u00e9placements, localisation). Ceux-ci sont toujours pr\u00e9cis\u00e9s en amont.<\/p><p data-start=\"1792\" data-end=\"1838\">\u00a0<\/p>\t\t\t\t\t\t\t\t<\/div>\n\t\t\t\t<\/div>\n\t\t\t\t<\/div>\n\t\t<div class=\"elementor-element elementor-element-5f9cc3d e-flex e-con-boxed e-con e-parent\" data-id=\"5f9cc3d\" data-element_type=\"container\" data-e-type=\"container\">\n\t\t\t\t\t<div class=\"e-con-inner\">\n\t\t\t\t\t<\/div>\n\t\t\t\t<\/div>\n\t\t\t\t<\/div>\n\t\t","protected":false},"excerpt":{"rendered":"<p>Coaching terrain Je vous accompagne l\u00e0 o\u00f9 \u00e7a se joue vraiment Il y a des situations o\u00f9 la th\u00e9orie ne suffit plus.On peut avoir compris, r\u00e9fl\u00e9chi, pr\u00e9par\u00e9\u2026 et pourtant, au moment cl\u00e9, tout se crispe : les mots ne sortent pas, l\u2019\u00e9motion prend le dessus, la peur du conflit ou du jugement bloque. Le coaching [&hellip;]<\/p>\n","protected":false},"author":1,"featured_media":0,"parent":0,"menu_order":0,"comment_status":"closed","ping_status":"closed","template":"","meta":{"om_disable_all_campaigns":false,"_monsterinsights_skip_tracking":false,"_monsterinsights_sitenote_active":false,"_monsterinsights_sitenote_note":"","_monsterinsights_sitenote_category":0,"_uf_show_specific_survey":0,"_uf_disable_surveys":false,"footnotes":""},"class_list":["post-2873","page","type-page","status-publish","hentry"],"aioseo_notices":[],"_links":{"self":[{"href":"https:\/\/lisefalc.com\/index.php\/wp-json\/wp\/v2\/pages\/2873","targetHints":{"allow":["GET"]}}],"collection":[{"href":"https:\/\/lisefalc.com\/index.php\/wp-json\/wp\/v2\/pages"}],"about":[{"href":"https:\/\/lisefalc.com\/index.php\/wp-json\/wp\/v2\/types\/page"}],"author":[{"embeddable":true,"href":"https:\/\/lisefalc.com\/index.php\/wp-json\/wp\/v2\/users\/1"}],"replies":[{"embeddable":true,"href":"https:\/\/lisefalc.com\/index.php\/wp-json\/wp\/v2\/comments?post=2873"}],"version-history":[{"count":4,"href":"https:\/\/lisefalc.com\/index.php\/wp-json\/wp\/v2\/pages\/2873\/revisions"}],"predecessor-version":[{"id":2993,"href":"https:\/\/lisefalc.com\/index.php\/wp-json\/wp\/v2\/pages\/2873\/revisions\/2993"}],"wp:attachment":[{"href":"https:\/\/lisefalc.com\/index.php\/wp-json\/wp\/v2\/media?parent=2873"}],"curies":[{"name":"wp","href":"https:\/\/api.w.org\/{rel}","templated":true}]}}