{"id":2869,"date":"2026-01-09T18:49:58","date_gmt":"2026-01-09T17:49:58","guid":{"rendered":"https:\/\/lisefalc.com\/?page_id=2869"},"modified":"2026-01-12T15:47:38","modified_gmt":"2026-01-12T14:47:38","slug":"sejour-reset-individuel","status":"publish","type":"page","link":"https:\/\/lisefalc.com\/index.php\/sejour-reset-individuel\/","title":{"rendered":"S\u00e9jour RESET \u2013 Individuel"},"content":{"rendered":"\t\t<div data-elementor-type=\"wp-page\" data-elementor-id=\"2869\" class=\"elementor elementor-2869\">\n\t\t\t\t<div class=\"elementor-element elementor-element-eb420e4 e-con-full e-flex e-con e-parent\" data-id=\"eb420e4\" data-element_type=\"container\" data-e-type=\"container\" data-settings=\"{&quot;background_background&quot;:&quot;classic&quot;}\">\n\t\t\t\t<div class=\"elementor-element elementor-element-2ef8757 elementor-widget elementor-widget-spacer\" data-id=\"2ef8757\" data-element_type=\"widget\" data-e-type=\"widget\" data-widget_type=\"spacer.default\">\n\t\t\t\t<div class=\"elementor-widget-container\">\n\t\t\t\t\t\t\t<div class=\"elementor-spacer\">\n\t\t\t<div class=\"elementor-spacer-inner\"><\/div>\n\t\t<\/div>\n\t\t\t\t\t\t<\/div>\n\t\t\t\t<\/div>\n\t\t\t\t<div class=\"elementor-element elementor-element-cd855d0 elementor-widget elementor-widget-heading\" data-id=\"cd855d0\" data-element_type=\"widget\" data-e-type=\"widget\" data-widget_type=\"heading.default\">\n\t\t\t\t<div class=\"elementor-widget-container\">\n\t\t\t\t\t<h1 class=\"elementor-heading-title elementor-size-default\">S\u00e9jour Reset \u2013 Accompagnement individuel<\/h1>\t\t\t\t<\/div>\n\t\t\t\t<\/div>\n\t\t\t\t<div class=\"elementor-element elementor-element-458df35 elementor-widget elementor-widget-spacer\" data-id=\"458df35\" data-element_type=\"widget\" data-e-type=\"widget\" data-widget_type=\"spacer.default\">\n\t\t\t\t<div class=\"elementor-widget-container\">\n\t\t\t\t\t\t\t<div class=\"elementor-spacer\">\n\t\t\t<div class=\"elementor-spacer-inner\"><\/div>\n\t\t<\/div>\n\t\t\t\t\t\t<\/div>\n\t\t\t\t<\/div>\n\t\t\t\t<\/div>\n\t\t<div class=\"elementor-element elementor-element-44e2168 e-con-full e-flex e-con e-parent\" data-id=\"44e2168\" data-element_type=\"container\" data-e-type=\"container\" data-settings=\"{&quot;background_background&quot;:&quot;classic&quot;}\">\n\t\t\t\t<div class=\"elementor-element elementor-element-b5be7c4 elementor-widget elementor-widget-text-editor\" data-id=\"b5be7c4\" data-element_type=\"widget\" data-e-type=\"widget\" data-widget_type=\"text-editor.default\">\n\t\t\t\t<div class=\"elementor-widget-container\">\n\t\t\t\t\t\t\t\t\t<p><strong>Un vrai reset. Pas seulement pour se reposer, mais pour se retrouver.<\/strong><\/p>\t\t\t\t\t\t\t\t<\/div>\n\t\t\t\t<\/div>\n\t\t\t\t<div class=\"elementor-element elementor-element-2fd544e elementor-widget elementor-widget-text-editor\" data-id=\"2fd544e\" data-element_type=\"widget\" data-e-type=\"widget\" data-widget_type=\"text-editor.default\">\n\t\t\t\t<div class=\"elementor-widget-container\">\n\t\t\t\t\t\t\t\t\t<p data-start=\"286\" data-end=\"546\">Le <strong data-start=\"289\" data-end=\"305\">S\u00e9jour Reset<\/strong> est un accompagnement individuel immersif, pens\u00e9 comme une <strong data-start=\"365\" data-end=\"407\">v\u00e9ritable parenth\u00e8se de transformation<\/strong>.<br data-start=\"408\" data-end=\"411\" \/>Un temps pour ralentir, sortir de la charge mentale, retrouver de la clart\u00e9 et se r\u00e9aligner, sur le plan personnel et\/ou professionnel.<\/p><p data-start=\"548\" data-end=\"749\">Ce s\u00e9jour n\u2019est pas une simple pause.<br data-start=\"585\" data-end=\"588\" \/>C\u2019est un <strong data-start=\"597\" data-end=\"620\">reset en profondeur<\/strong>, pour comprendre ce qui fatigue, ce qui bloque, et repartir avec des rep\u00e8res clairs ainsi que des outils concrets pour la suite.<\/p><p data-start=\"548\" data-end=\"749\">\u00a0<\/p><h3 data-start=\"751\" data-end=\"778\">Les objectifs du s\u00e9jour<\/h3><p data-start=\"779\" data-end=\"815\">Le S\u00e9jour Reset a pour vocation de :<\/p><ul data-start=\"816\" data-end=\"1143\"><li data-start=\"816\" data-end=\"884\"><p data-start=\"818\" data-end=\"884\">Offrir une <strong data-start=\"829\" data-end=\"847\">pause profonde<\/strong> afin de sortir du mode automatique<\/p><\/li><li data-start=\"885\" data-end=\"931\"><p data-start=\"887\" data-end=\"931\">Prendre du recul sur sa situation actuelle<\/p><\/li><li data-start=\"932\" data-end=\"998\"><p data-start=\"934\" data-end=\"998\">Clarifier ce qui p\u00e8se, ce qui bloque, ce qui n\u2019est plus align\u00e9<\/p><\/li><li data-start=\"999\" data-end=\"1031\"><p data-start=\"1001\" data-end=\"1031\">Se recentrer sur l\u2019essentiel<\/p><\/li><li data-start=\"1032\" data-end=\"1143\"><p data-start=\"1034\" data-end=\"1143\">Repartir avec un <strong data-start=\"1051\" data-end=\"1102\">plan d\u2019alignement personnel et\/ou professionnel<\/strong>, r\u00e9aliste et respectueux de son rythme<\/p><\/li><\/ul><p>\u00a0<\/p><h3 data-start=\"1145\" data-end=\"1158\">Le format<\/h3><ul data-start=\"1159\" data-end=\"1453\"><li data-start=\"1159\" data-end=\"1190\"><p data-start=\"1161\" data-end=\"1190\"><strong data-start=\"1161\" data-end=\"1190\">Accompagnement individuel<\/strong><\/p><\/li><li data-start=\"1191\" data-end=\"1223\"><p data-start=\"1193\" data-end=\"1223\"><strong data-start=\"1193\" data-end=\"1202\">Dur\u00e9e<\/strong> : 2 jours \/ 1 nuit<\/p><\/li><li data-start=\"1224\" data-end=\"1278\"><p data-start=\"1226\" data-end=\"1278\"><strong data-start=\"1226\" data-end=\"1252\">Temps d\u2019accompagnement<\/strong> : 10 heures de coaching<\/p><\/li><li data-start=\"1279\" data-end=\"1366\"><p data-start=\"1281\" data-end=\"1366\"><strong data-start=\"1281\" data-end=\"1295\">Sans repas<\/strong> (choix assum\u00e9, pour plus de libert\u00e9, de l\u00e9g\u00e8ret\u00e9 et d\u2019accessibilit\u00e9)<\/p><\/li><li data-start=\"1367\" data-end=\"1453\"><p data-start=\"1369\" data-end=\"1453\">Deux temps d\u2019autonomie sont int\u00e9gr\u00e9s pour favoriser l\u2019int\u00e9gration et le recentrage<\/p><\/li><\/ul><p>\u00a0<\/p><h3 data-start=\"1455\" data-end=\"1487\">L\u2019esprit de l\u2019accompagnement<\/h3><p data-start=\"1488\" data-end=\"1741\">Le s\u00e9jour alterne des temps de <strong data-start=\"1519\" data-end=\"1545\">coaching en profondeur<\/strong>, des outils pratiques et des espaces d\u2019int\u00e9gration.<br data-start=\"1597\" data-end=\"1600\" \/>L\u2019objectif est \u00e0 la fois de <strong data-start=\"1628\" data-end=\"1655\">d\u00e9poser ce qui encombre<\/strong> et de <strong data-start=\"1662\" data-end=\"1699\">r\u00e9activer ses ressources internes<\/strong>, dans un cadre s\u00e9curisant et ressour\u00e7ant.<\/p><p data-start=\"1743\" data-end=\"1806\">L\u2019accompagnement est enti\u00e8rement personnalis\u00e9 et peut inclure :<\/p><ul data-start=\"1807\" data-end=\"2463\"><li data-start=\"1807\" data-end=\"1862\"><p data-start=\"1809\" data-end=\"1862\">L\u2019accueil et la d\u00e9finition de l\u2019intention du s\u00e9jour<\/p><\/li><li data-start=\"1863\" data-end=\"1896\"><p data-start=\"1865\" data-end=\"1896\">Le d\u00e9p\u00f4t de la charge mentale<\/p><\/li><li data-start=\"1897\" data-end=\"1962\"><p data-start=\"1899\" data-end=\"1962\">L\u2019identification des tensions, blocages et zones de confusion<\/p><\/li><li data-start=\"1963\" data-end=\"2029\"><p data-start=\"1965\" data-end=\"2029\">La clarification des attentes personnelles et professionnelles<\/p><\/li><li data-start=\"2030\" data-end=\"2101\"><p data-start=\"2032\" data-end=\"2101\">Un travail sur les valeurs, les priorit\u00e9s, les limites et l\u2019\u00e9nergie<\/p><\/li><li data-start=\"2102\" data-end=\"2137\"><p data-start=\"2104\" data-end=\"2137\">Des exercices de prise de recul<\/p><\/li><li data-start=\"2138\" data-end=\"2197\"><p data-start=\"2140\" data-end=\"2197\">Une marche consciente (adapt\u00e9e \u00e0 la m\u00e9t\u00e9o et au rythme)<\/p><\/li><li data-start=\"2198\" data-end=\"2246\"><p data-start=\"2200\" data-end=\"2246\">Des temps d\u2019\u00e9criture guid\u00e9e et d\u2019int\u00e9gration<\/p><\/li><li data-start=\"2247\" data-end=\"2298\"><p data-start=\"2249\" data-end=\"2298\">Des pratiques de m\u00e9ditation guid\u00e9e et d\u2019ancrage<\/p><\/li><li data-start=\"2299\" data-end=\"2332\"><p data-start=\"2301\" data-end=\"2332\">Un coaching orient\u00e9 solutions<\/p><\/li><li data-start=\"2333\" data-end=\"2416\"><p data-start=\"2335\" data-end=\"2416\">L\u2019\u00e9laboration d\u2019un <strong data-start=\"2354\" data-end=\"2394\">plan d\u2019action clair, doux et concret<\/strong> pour l\u2019apr\u00e8s-s\u00e9jour<\/p><\/li><li data-start=\"2417\" data-end=\"2463\"><p data-start=\"2419\" data-end=\"2463\">Un rituel de cl\u00f4ture pour marquer le reset<\/p><\/li><\/ul><p>\u00a0<\/p><h3 data-start=\"2465\" data-end=\"2500\">Ce que comprend le S\u00e9jour Reset<\/h3><ul data-start=\"2501\" data-end=\"2734\"><li data-start=\"2501\" data-end=\"2537\"><p data-start=\"2503\" data-end=\"2537\">10 heures de coaching individuel<\/p><\/li><li data-start=\"2538\" data-end=\"2576\"><p data-start=\"2540\" data-end=\"2576\">Des outils pratiques personnalis\u00e9s<\/p><\/li><li data-start=\"2577\" data-end=\"2619\"><p data-start=\"2579\" data-end=\"2619\">M\u00e9ditation guid\u00e9e et marche consciente<\/p><\/li><li data-start=\"2620\" data-end=\"2664\"><p data-start=\"2622\" data-end=\"2664\">Des temps d\u2019int\u00e9gration et de recentrage<\/p><\/li><li data-start=\"2665\" data-end=\"2734\"><p data-start=\"2667\" data-end=\"2734\">Un <strong data-start=\"2670\" data-end=\"2704\">plan clair pour l\u2019apr\u00e8s-s\u00e9jour<\/strong>, personnel ou professionnel<\/p><\/li><\/ul><p>\u00a0<\/p><h3 data-start=\"2736\" data-end=\"2750\">Pour qui ?<\/h3><p data-start=\"2751\" data-end=\"2792\">Le S\u00e9jour Reset s\u2019adresse aux personnes :<\/p><ul data-start=\"2793\" data-end=\"3116\"><li data-start=\"2793\" data-end=\"2850\"><p data-start=\"2795\" data-end=\"2850\">En <strong data-start=\"2798\" data-end=\"2819\">surcharge mentale<\/strong> ou en situation d\u2019\u00e9puisement<\/p><\/li><li data-start=\"2851\" data-end=\"2910\"><p data-start=\"2853\" data-end=\"2910\">En p\u00e9riode de transition personnelle ou professionnelle<\/p><\/li><li data-start=\"2911\" data-end=\"2970\"><p data-start=\"2913\" data-end=\"2970\">Qui ressentent le besoin de souffler pour mieux d\u00e9cider<\/p><\/li><li data-start=\"2971\" data-end=\"3039\"><p data-start=\"2973\" data-end=\"3039\">Qui souhaitent un accompagnement <strong data-start=\"3006\" data-end=\"3037\">humain, doux et structurant<\/strong><\/p><\/li><li data-start=\"3040\" data-end=\"3116\"><p data-start=\"3042\" data-end=\"3116\">Qui veulent aller en profondeur, dans un cadre ressour\u00e7ant et s\u00e9curisant<\/p><\/li><\/ul>\t\t\t\t\t\t\t\t<\/div>\n\t\t\t\t<\/div>\n\t\t\t\t<\/div>\n\t\t<div class=\"elementor-element elementor-element-f439b53 e-flex e-con-boxed e-con e-parent\" data-id=\"f439b53\" data-element_type=\"container\" data-e-type=\"container\" data-settings=\"{&quot;background_background&quot;:&quot;classic&quot;}\">\n\t\t\t\t\t<div class=\"e-con-inner\">\n\t\t\t\t<div class=\"elementor-element elementor-element-487a524 elementor-widget elementor-widget-text-editor\" data-id=\"487a524\" data-element_type=\"widget\" data-e-type=\"widget\" data-widget_type=\"text-editor.default\">\n\t\t\t\t<div class=\"elementor-widget-container\">\n\t\t\t\t\t\t\t\t\t<p><strong data-start=\"1191\" data-end=\"1211\">\u00a0<\/strong><\/p><h3 data-start=\"123\" data-end=\"148\">Tarif du S\u00e9jour Reset<\/h3><p data-start=\"150\" data-end=\"162\"><strong data-start=\"153\" data-end=\"162\">\u00a0<\/strong><\/p><p data-start=\"150\" data-end=\"162\"><strong data-start=\"153\" data-end=\"162\">650 \u20ac<\/strong><\/p><p data-start=\"164\" data-end=\"183\">Ce tarif comprend :<\/p><p data-start=\"164\" data-end=\"183\"><strong style=\"background-color: transparent;\" data-start=\"186\" data-end=\"234\">1 nuit \/ 2 jours d\u2019accompagnement individuel<\/strong><\/p><p data-start=\"164\" data-end=\"183\"><strong style=\"background-color: transparent;\" data-start=\"237\" data-end=\"273\">10 heures de coaching individuel<\/strong><\/p><p data-start=\"164\" data-end=\"183\"><strong style=\"background-color: transparent;\" data-start=\"237\" data-end=\"273\">\u00a0<\/strong><\/p><p data-start=\"164\" data-end=\"183\"><span style=\"background-color: transparent;\">Un accompagnement sur mesure, en profondeur<\/span><\/p><p data-start=\"164\" data-end=\"183\"><span style=\"background-color: transparent;\">Des outils pratiques personnalis\u00e9s<\/span><\/p><p data-start=\"164\" data-end=\"183\"><span style=\"background-color: transparent;\">Des temps de m\u00e9ditation guid\u00e9e, de marche consciente et d\u2019int\u00e9gration<\/span><\/p><p data-start=\"164\" data-end=\"183\"><span style=\"background-color: transparent;\">Un <\/span><strong style=\"background-color: transparent;\" data-start=\"440\" data-end=\"485\">plan clair et concret pour l\u2019apr\u00e8s-s\u00e9jour<\/strong><span style=\"background-color: transparent;\">, personnel et\/ou professionnel<\/span><\/p><p data-start=\"520\" data-end=\"612\"><em data-start=\"520\" data-end=\"612\">(H\u00e9bergement inclus \u2013 repas non inclus, choix assum\u00e9 pour plus de libert\u00e9 et de l\u00e9g\u00e8ret\u00e9.)<\/em><\/p>\t\t\t\t\t\t\t\t<\/div>\n\t\t\t\t<\/div>\n\t\t\t\t\t<\/div>\n\t\t\t\t<\/div>\n\t\t\t\t<\/div>\n\t\t","protected":false},"excerpt":{"rendered":"<p>S\u00e9jour Reset \u2013 Accompagnement individuel Un vrai reset. Pas seulement pour se reposer, mais pour se retrouver. Le S\u00e9jour Reset est un accompagnement individuel immersif, pens\u00e9 comme une v\u00e9ritable parenth\u00e8se de transformation.Un temps pour ralentir, sortir de la charge mentale, retrouver de la clart\u00e9 et se r\u00e9aligner, sur le plan personnel et\/ou professionnel. Ce s\u00e9jour [&hellip;]<\/p>\n","protected":false},"author":1,"featured_media":0,"parent":0,"menu_order":0,"comment_status":"closed","ping_status":"closed","template":"","meta":{"om_disable_all_campaigns":false,"_monsterinsights_skip_tracking":false,"_monsterinsights_sitenote_active":false,"_monsterinsights_sitenote_note":"","_monsterinsights_sitenote_category":0,"_uf_show_specific_survey":0,"_uf_disable_surveys":false,"footnotes":""},"class_list":["post-2869","page","type-page","status-publish","hentry"],"aioseo_notices":[],"_links":{"self":[{"href":"https:\/\/lisefalc.com\/index.php\/wp-json\/wp\/v2\/pages\/2869","targetHints":{"allow":["GET"]}}],"collection":[{"href":"https:\/\/lisefalc.com\/index.php\/wp-json\/wp\/v2\/pages"}],"about":[{"href":"https:\/\/lisefalc.com\/index.php\/wp-json\/wp\/v2\/types\/page"}],"author":[{"embeddable":true,"href":"https:\/\/lisefalc.com\/index.php\/wp-json\/wp\/v2\/users\/1"}],"replies":[{"embeddable":true,"href":"https:\/\/lisefalc.com\/index.php\/wp-json\/wp\/v2\/comments?post=2869"}],"version-history":[{"count":5,"href":"https:\/\/lisefalc.com\/index.php\/wp-json\/wp\/v2\/pages\/2869\/revisions"}],"predecessor-version":[{"id":3008,"href":"https:\/\/lisefalc.com\/index.php\/wp-json\/wp\/v2\/pages\/2869\/revisions\/3008"}],"wp:attachment":[{"href":"https:\/\/lisefalc.com\/index.php\/wp-json\/wp\/v2\/media?parent=2869"}],"curies":[{"name":"wp","href":"https:\/\/api.w.org\/{rel}","templated":true}]}}